hundreds digit of 1221?
2
What is the units digit of 12734?
4
What is the thousands digit of 11972?
1
What is the ten thousands digit of 46421?
4
What is the hundreds digit of 3717?
7
What is the thousands digit of 86373?
6
What is the units digit of 724?
4
What is the tens digit of 13415?
1
What is the tens digit of 10351?
5
What is the tens digit of 8282?
8
What is the units digit of 588?
8
What is the tens digit of 43492?
9
What is the ten thousands digit of 34820?
3
What is the hundreds digit of 39477?
4
What is the units digit of 2048?
8
What is the units digit of 9197?
7
What is the thousands digit of 30072?
0
What is the tens digit of 144809?
0
What is the units digit of 2601?
1
What is the ten thousands digit of 13675?
1
What is the tens digit of 7535?
3
What is the units digit of 1539?
9
What is the hundreds digit of 2311?
3
What is the tens digit of 1040?
4
What is the units digit of 511?
1
What is the hundreds digit of 117509?
5
What is the thousands digit of 45703?
5
What is the ten thousands digit of 87803?
8
What is the ten thousands digit of 64972?
6
What is the hundreds digit of 925?
9
What is the units digit of 639?
9
What is the hundreds digit of 399?
3
What is the thousands digit of 71318?
1
What is the tens digit of 3213?
1
What is the hundreds digit of 7729?
7
What is the tens digit of 2475?
7
What is the units digit of 1146?
6
What is the units digit of 917?
7
What is the hundreds digit of 23826?
8
What is the tens digit of 311?
1
What is the thousands digit of 1942?
1
What is the hundreds digit of 18096?
0
What is the thousands digit of 28138?
8
What is the tens digit of 11845?
4
What is the thousands digit of 13170?
3
What is the hundreds digit of 1113?
1
What is the thousands digit of 137381?
7
What is the thousands digit of 20739?
0
What is the units digit of 901?
1
What is the hundreds digit of 7224?
2
What is the thousands digit of 18168?
8
What is the units digit of 218?
8
What is the units digit of 1379?
9
What is the units digit of 2723?
3
What is the units digit of 10653?
3
What is the hundreds digit of 36695?
6
What is the thousands digit of 1157?
1
What is the tens digit of 511?
1
What is the tens digit of 47148?
4
What is the hundreds digit of 220?
2
What is the thousands digit of 9827?
9
What is the units digit of 84?
4
What is the units digit of 32183?
3
What is the hundreds digit of 5888?
8
What is the tens digit of 156?
5
What is the thousands digit of 1837?
1
What is the hundreds digit of 122?
1
What is the ten thousands digit of 36379?
3
What is the hundreds digit of 291?
2
What is the thousands digit of 2020?
2
What is the hundreds digit of 33076?
0
What is the hundreds digit of 140?
1
What is the thousands digit of 22305?
2
What is the hundreds digit of 112?
1
What is the hundreds digit of 18850?
8
What is the hundreds digit of 11588?
5
What is the units digit of 37816?
6
What is the tens digit of 710?
1
What is the thousands digit of 3176?
3
What is the thousands digit of 69262?
9
What is the tens digit of 25755?
5
What is the units digit of 665?
5
What is the units digit of 1723?
3
What is the hundreds digit of 653?
6
What is the tens digit of 3269?
6
What is the hundreds digit of 79929?
9
What is the hundreds digit of 10003?
0
What is the tens digit of 21144?
4
What is the tens digit of 910?
1
What is the units digit of 7662?
2
What is the hundreds digit of 3526?
5
What is the tens digit of 3772?
7
What is the tens digit of 184?
8
What is the tens digit of 799?
9
What is the tens digit of 36576?
7
What is the hundreds digit of 272?
2
What is the hundreds digit of 1375?
3
What is the thousands digit of 34512?
4
What is the tens digit of 661?
6
What is the units digit of 1528?
8
What is the ten thousands digit of 57659?
5
What is the units digit of 1471?
1
What is the thousands digit of 14677?
4
What is the tens digit of 3728?
2
What is the thousands digit of 1701?
1
What is the tens digit of 65?
6
What is the units digit of 7663?
3
What is the hundreds digit of 1434?
4
What is the tens digit of 96003?
0
What is the tens digit of 100?
0
What is the thousands digit of 4458?
4
What is the ten thousands digit of 14708?
1
What is the thousands digit of 6257?
6
What is the tens digit of 1465?
6
What is the hundreds digit of 22975?
9
What is the units digit of 915?
5
What is the tens digit of 283?
8
What is the thousands digit of 1636?
1
What is the units digit of 18200?
0
What is the units digit of 362?
2
What is the tens digit of 14425?
2
What is the tens digit of 7638?
3
What is the ten thousands digit of 84746?
8
What is the units digit of 17031?
1
What is the ten thousands digit of 22304?
2
What is the thousands digit of 23799?
3
What is the tens digit of 842?
4
What is the thousands digit of 73851?
3
What is the thousands digit of 139305?
9
What is the units digit of 46044?
4
What is the hundreds digit of 885?
8
What is the tens digit of 1568?
6
What is the hundreds digit of 284?
2
What is the hundreds digit of 13609?
6
What is the hundreds digit of 5711?
7
What is the ten thousands digit of 34892?
3
What is the hundreds digit of 1299?
2
What is the tens digit of 21455?
5
What is the units digit of 14557?
7
What is the thousands digit of 2552?
2
What is the thousands digit of 1233?
1
What is the units digit of 1707?
7
What is the units digit of 874?
4
What is the units digit of 218?
8
What is the tens digit of 4988?
8
What is the tens digit of 1023?
2
What is the tens digit of 4367?
6
What is the units digit of 8716?
6
What is the hundreds digit of 14468?
4
What is the hundreds digit of 16002?
0
What is the hundreds digit of 639?
6
What is the thousands digit of 6632?
6
What is the hundreds digit of 112387?
3
What is the thousands digit of 1288?
1
What is the units digit of 20058?
8
What is the units digit of 64797?
7
What is the thousands digit of 6756?
6
What is the thousands digit of 8071?
8
What is the hundreds digit of 20432?
4
What is the units digit of 2333?
3
What is the hundreds digit of 977?
9
What is the tens digit of 1483?
8
What is the thousands digit of 2850?
2
What is the thousands digit of 7800?
7
What is the units digit of 910?
0
What is the thousands digit of 98288?
8
What is the tens digit of 167074?
7
What is the hundreds digit of 467?
4
What is the units digit of 1055?
5
What is the hundreds digit of 649?
6
What is the hundreds digit of 1518?
5
What is the thousands digit of 1959?
1
What is the tens digit of 824?
2
What is the hundreds digit of 3482?
4
What is the thousands digit of 4802?
4
What is the tens digit of 68574?
7
What is the tens digit of 210?
1
What is the tens digit of 163?
6
What is the hundreds digit of 18621?
6
What is the thousands digit of 101516?
1
What is the tens digit of 589?
8
What is the units digit of 2904?
4
What is the hundreds digit of 61431?
4
What is the tens digit of 3893?
9
What is the units digit of 656?
6
What is the hundreds digit of 2751?
7
What is the units digit of 1519?
9
What is the tens digit of 2293?
9
What is the tens digit of 2797?
9
What is the thousands digit of 1959?
1
What is the hundreds digit of 67197?
1
What is the ten thousands digit of 27607?
2
What is the hundreds digit of 264?
2
What is the ten thousands digit of 67042?
6
What is the hundreds digit of 296?
2
What is the tens digit of 6661?
6
What is the units digit of 81504?
4
What is the tens digit of 6377?
7
What is the thousands digit of 6495?
6
What is the units digit of 34363?
3
What is the tens digit of 192?
9
What is the thousands digit of 4316?
4
What is the thousands digit of 3417?
3
What is the tens digit of 17063?
6
What is the units digit of 4102?
2
What is the hundreds digit of 3196?
1
What is the units digit of 14?
4
What is the tens digit of 950?
5
What is the ten thousands digit of 72580?
7
What is the units digit of 14929?
9
What is the thousands digit of 1352?
1
What is the units digit of 56?
6
What is the units digit of 3054?
4
What is the thousands digit of 19651?
9
What is the tens digit of 1540?
4
What is the hundreds digit of 147?
1
What is the ten thousands digit of 25744?
2
What is the units digit of 5981?
1
What is the thousands digit of 8502?
8
What is the thousands digit of 2013?
2
What is the tens digit of 13547?
4
What is the hundreds digit